{"id":1226,"date":"2023-06-23T16:22:26","date_gmt":"2023-06-23T14:22:26","guid":{"rendered":"http:\/\/btsurfcasting.fr\/?post_type=product&#038;p=1226"},"modified":"2025-05-28T18:58:37","modified_gmt":"2025-05-28T16:58:37","slug":"arraches-shock-leader","status":"publish","type":"product","link":"https:\/\/btsurfcasting.fr\/index.php\/product\/arraches-shock-leader\/","title":{"rendered":"Arrach\u00e9s (Shock Leader)"},"content":{"rendered":"<p>* Bobines contenant plusieurs bas de lignes coniques partant d&#8217;un fil de diff\u00e9rents Diam\u00e8tres, et dont les derniers m\u00e8tres vont en grossissant, afin de lui donner plus de force et permettre \u00e0 celui-ci de pouvoir donner plus de puissance pour effectuer tous vos diff\u00e9rents Lancers..                                        * Existent en differents Diam\u00e8tres et Longueurs celon les marques..<\/p>\n<p>Marques :  Yuki, Cynetic, Maver, Vercelli, Asso, + Nouveaut\u00e9s ZUNZUN ( Nouveau Double arrach\u00e9 en bobine de 250m Multicolor). \ud83d\udc20<\/p>\n","protected":false},"excerpt":{"rendered":"<p>* Bobines contenant plusieurs bas de lignes coniques partant d&#8217;un fil de diff\u00e9rents Diam\u00e8tres, et dont les derniers m\u00e8tres vont en grossissant, afin de lui donner plus de force et [&hellip;]<\/p>\n","protected":false},"featured_media":2825,"comment_status":"open","ping_status":"closed","template":"","meta":[],"product_brand":[],"product_cat":[119],"product_tag":[],"class_list":{"0":"post-1226","1":"product","2":"type-product","3":"status-publish","4":"has-post-thumbnail","6":"product_cat-arraches-shock-leader","8":"first","9":"onbackorder","10":"taxable","11":"shipping-taxable","12":"product-type-variable"},"jetpack_sharing_enabled":true,"_links":{"self":[{"href":"https:\/\/btsurfcasting.fr\/index.php\/wp-json\/wp\/v2\/product\/1226","targetHints":{"allow":["GET"]}}],"collection":[{"href":"https:\/\/btsurfcasting.fr\/index.php\/wp-json\/wp\/v2\/product"}],"about":[{"href":"https:\/\/btsurfcasting.fr\/index.php\/wp-json\/wp\/v2\/types\/product"}],"replies":[{"embeddable":true,"href":"https:\/\/btsurfcasting.fr\/index.php\/wp-json\/wp\/v2\/comments?post=1226"}],"wp:featuredmedia":[{"embeddable":true,"href":"https:\/\/btsurfcasting.fr\/index.php\/wp-json\/wp\/v2\/media\/2825"}],"wp:attachment":[{"href":"https:\/\/btsurfcasting.fr\/index.php\/wp-json\/wp\/v2\/media?parent=1226"}],"wp:term":[{"taxonomy":"product_brand","embeddable":true,"href":"https:\/\/btsurfcasting.fr\/index.php\/wp-json\/wp\/v2\/product_brand?post=1226"},{"taxonomy":"product_cat","embeddable":true,"href":"https:\/\/btsurfcasting.fr\/index.php\/wp-json\/wp\/v2\/product_cat?post=1226"},{"taxonomy":"product_tag","embeddable":true,"href":"https:\/\/btsurfcasting.fr\/index.php\/wp-json\/wp\/v2\/product_tag?post=1226"}],"curies":[{"name":"wp","href":"https:\/\/api.w.org\/{rel}","templated":true}]}}