{"id":1307,"date":"2023-06-26T09:35:39","date_gmt":"2023-06-26T07:35:39","guid":{"rendered":"http:\/\/btsurfcasting.fr\/?post_type=product&#038;p=1307"},"modified":"2024-07-05T15:52:41","modified_gmt":"2024-07-05T13:52:41","slug":"nv-cache-filbobine","status":"publish","type":"product","link":"https:\/\/btsurfcasting.fr\/index.php\/product\/nv-cache-filbobine\/","title":{"rendered":"Nv cache Fil bobine avec \u00e9tiquette &#8220;TOKYO-WAN&#8221;"},"content":{"rendered":"<p>* Ce Nouveau Cache Fil pour bobines de moulinets de la Marque &#8221; TOKYO-WAN &#8221; et Unique sur le march\u00e9 de la P\u00eache gr\u00e2ce \u00e0 sa Conception. Il est \u00e9quip\u00e9 d&#8217;un porte \u00e9tiquettes avec celle-ci qui est incluse \u00e0 l&#8217;int\u00e9rieur de celui-ci et qui est plac\u00e9 sur le dessus, afin de pouvoir marquer Tous les Diam\u00e8tres de votre Fil..<\/p>\n","protected":false},"excerpt":{"rendered":"<p>* Ce Nouveau Cache Fil pour bobines de moulinets de la Marque &#8221; TOKYO-WAN &#8221; et Unique sur le march\u00e9 de la P\u00eache gr\u00e2ce \u00e0 sa Conception. Il est \u00e9quip\u00e9 [&hellip;]<\/p>\n","protected":false},"featured_media":1413,"comment_status":"open","ping_status":"closed","template":"","meta":[],"product_brand":[],"product_cat":[121,171],"product_tag":[],"class_list":{"0":"post-1307","1":"product","2":"type-product","3":"status-publish","4":"has-post-thumbnail","6":"product_cat-cache-fil-bobine","7":"product_cat-tokyo-wan","9":"first","10":"instock","11":"taxable","12":"shipping-taxable","13":"purchasable","14":"product-type-variable"},"jetpack_sharing_enabled":true,"_links":{"self":[{"href":"https:\/\/btsurfcasting.fr\/index.php\/wp-json\/wp\/v2\/product\/1307","targetHints":{"allow":["GET"]}}],"collection":[{"href":"https:\/\/btsurfcasting.fr\/index.php\/wp-json\/wp\/v2\/product"}],"about":[{"href":"https:\/\/btsurfcasting.fr\/index.php\/wp-json\/wp\/v2\/types\/product"}],"replies":[{"embeddable":true,"href":"https:\/\/btsurfcasting.fr\/index.php\/wp-json\/wp\/v2\/comments?post=1307"}],"wp:featuredmedia":[{"embeddable":true,"href":"https:\/\/btsurfcasting.fr\/index.php\/wp-json\/wp\/v2\/media\/1413"}],"wp:attachment":[{"href":"https:\/\/btsurfcasting.fr\/index.php\/wp-json\/wp\/v2\/media?parent=1307"}],"wp:term":[{"taxonomy":"product_brand","embeddable":true,"href":"https:\/\/btsurfcasting.fr\/index.php\/wp-json\/wp\/v2\/product_brand?post=1307"},{"taxonomy":"product_cat","embeddable":true,"href":"https:\/\/btsurfcasting.fr\/index.php\/wp-json\/wp\/v2\/product_cat?post=1307"},{"taxonomy":"product_tag","embeddable":true,"href":"https:\/\/btsurfcasting.fr\/index.php\/wp-json\/wp\/v2\/product_tag?post=1307"}],"curies":[{"name":"wp","href":"https:\/\/api.w.org\/{rel}","templated":true}]}}