{"id":1767,"date":"2023-11-03T15:50:05","date_gmt":"2023-11-03T14:50:05","guid":{"rendered":"http:\/\/btsurfcasting.fr\/?post_type=product&#038;p=1767"},"modified":"2026-02-16T18:22:35","modified_gmt":"2026-02-16T17:22:35","slug":"plombs-portugais-plastifies-competition-couleurs-pailletes-orange-blanc","status":"publish","type":"product","link":"https:\/\/btsurfcasting.fr\/index.php\/product\/plombs-portugais-plastifies-competition-couleurs-pailletes-orange-blanc\/","title":{"rendered":"Plombs Plastifi\u00e9s Comp\u00e9titions Couleurs Paillet\u00e9s Orange et Blanc."},"content":{"rendered":"<p>* Plombs Portugais Sp\u00e9ciale Comp\u00e9tition Plastifi\u00e9s de Couleur Blanc Paillet\u00e9s en 100Grs et Orange Paillet\u00e9s en 125 Grs sont Id\u00e9alement Con\u00e7us pour la P\u00eache \u00e0 Grande Distance en Surfcasting.<\/p>\n<p>* Par leurs Formes Allong\u00e9s, ceci sont Sp\u00e9cialement Profil\u00e9s pour pouvoir Effectuer de Tr\u00e8s Longs Lancers afin d&#8217;Atteindre de Longues Distances.. De Plus, leurs Couleurs Sp\u00e9cifiques incluant des paillettes vous permettra de pouvoir \u00eatre Mieux Vus dans l&#8217;eau ainsi que lors de vos Lancers pour P\u00eacher en Pleine Journ\u00e9e, ce qui est un Attrait Compl\u00e9mentaire pour vous.. \ud83d\udc20<\/p>\n<p>* Ceci sont de Fabrications Fran\u00e7aise, avec une Finission et une Qualit\u00e9 irr\u00e9prochable.. Et les Essayer, c&#8217;est les Adopter.. \ud83d\ude09\ud83d\udc4d<\/p>\n<p>* Disponibles de Couleurs Oranges Paillet\u00e9s en 100 Grs, et aussi de Couleurs Blancs Paillet\u00e9s en 120 Grs.<\/p>\n<p>* En Stock, mais Possibilit\u00e9s de Commander d&#8217;autres Poids et Couleurs sur R\u00e9servation avec Acompte de 50 % \u00e0 la Commande pour D\u00e9lais de Fabrications. \ud83d\udc20<\/p>\n","protected":false},"excerpt":{"rendered":"<p>* Plombs Portugais Sp\u00e9ciale Comp\u00e9tition Plastifi\u00e9s de Couleur Blanc Paillet\u00e9s en 100Grs et Orange Paillet\u00e9s en 125 Grs sont Id\u00e9alement Con\u00e7us pour la P\u00eache \u00e0 Grande Distance en Surfcasting. * [&hellip;]<\/p>\n","protected":false},"featured_media":2065,"comment_status":"open","ping_status":"closed","template":"","meta":[],"product_brand":[],"product_cat":[113],"product_tag":[],"class_list":{"0":"post-1767","1":"product","2":"type-product","3":"status-publish","4":"has-post-thumbnail","6":"product_cat-plombs-de-peche","8":"first","9":"instock","10":"sale","11":"taxable","12":"shipping-taxable","13":"purchasable","14":"product-type-variable"},"jetpack_sharing_enabled":true,"_links":{"self":[{"href":"https:\/\/btsurfcasting.fr\/index.php\/wp-json\/wp\/v2\/product\/1767","targetHints":{"allow":["GET"]}}],"collection":[{"href":"https:\/\/btsurfcasting.fr\/index.php\/wp-json\/wp\/v2\/product"}],"about":[{"href":"https:\/\/btsurfcasting.fr\/index.php\/wp-json\/wp\/v2\/types\/product"}],"replies":[{"embeddable":true,"href":"https:\/\/btsurfcasting.fr\/index.php\/wp-json\/wp\/v2\/comments?post=1767"}],"wp:featuredmedia":[{"embeddable":true,"href":"https:\/\/btsurfcasting.fr\/index.php\/wp-json\/wp\/v2\/media\/2065"}],"wp:attachment":[{"href":"https:\/\/btsurfcasting.fr\/index.php\/wp-json\/wp\/v2\/media?parent=1767"}],"wp:term":[{"taxonomy":"product_brand","embeddable":true,"href":"https:\/\/btsurfcasting.fr\/index.php\/wp-json\/wp\/v2\/product_brand?post=1767"},{"taxonomy":"product_cat","embeddable":true,"href":"https:\/\/btsurfcasting.fr\/index.php\/wp-json\/wp\/v2\/product_cat?post=1767"},{"taxonomy":"product_tag","embeddable":true,"href":"https:\/\/btsurfcasting.fr\/index.php\/wp-json\/wp\/v2\/product_tag?post=1767"}],"curies":[{"name":"wp","href":"https:\/\/api.w.org\/{rel}","templated":true}]}}