{"id":2377,"date":"2024-05-22T16:44:54","date_gmt":"2024-05-22T14:44:54","guid":{"rendered":"https:\/\/btsurfcasting.fr\/?post_type=product&#038;p=2377"},"modified":"2025-06-07T10:20:47","modified_gmt":"2025-06-07T08:20:47","slug":"plomb-sporten-blanc-paillete","status":"publish","type":"product","link":"https:\/\/btsurfcasting.fr\/index.php\/product\/plomb-sporten-blanc-paillete\/","title":{"rendered":"* Plombs Sporteens."},"content":{"rendered":"<p>* Ces plombs Sporteen d ecouleurs diff\u00e9rentes et poids variables, sont con\u00e7u avec 2 faces bomb\u00e9es et aplaties sur l&#8217;arri\u00e8re de celui-ci. Gr\u00e2ce \u00e0 cette forme, cela va lui permettre de mieux se placer et tenir sur le fond ou par l\u00e9ger courant. Celui-ci est recommand\u00e9 pour la p\u00eache de bordure ou de moyenne distance vu son poids. Il est donc particuli\u00e8rement utilis\u00e9 pour la p\u00eache dite en &#8220;ledjerind&#8221; pour la p\u00eache de comp\u00e9tition, mais il peut \u00eatre utilis\u00e9 aussi pour p\u00eacher dans les &#8220;chenals&#8221;, diff\u00e9rentes entr\u00e9es ou sorties de ports, ou m\u00eame en \u00e9tang.<\/p>\n<p>* En stock et recommand\u00e9 par votre sp\u00e9cialiste. \ud83e\udd17\ud83d\udc20\ud83d\udc1f<\/p>\n","protected":false},"excerpt":{"rendered":"<p>* Ces plombs Sporteen d ecouleurs diff\u00e9rentes et poids variables, sont con\u00e7u avec 2 faces bomb\u00e9es et aplaties sur l&#8217;arri\u00e8re de celui-ci. Gr\u00e2ce \u00e0 cette forme, cela va lui permettre [&hellip;]<\/p>\n","protected":false},"featured_media":2859,"comment_status":"open","ping_status":"closed","template":"","meta":[],"product_brand":[],"product_cat":[215,113],"product_tag":[],"class_list":{"0":"post-2377","1":"product","2":"type-product","3":"status-publish","4":"has-post-thumbnail","6":"product_cat-plombs","7":"product_cat-plombs-de-peche","9":"first","10":"instock","11":"sale","12":"taxable","13":"shipping-taxable","14":"purchasable","15":"product-type-variable"},"jetpack_sharing_enabled":true,"_links":{"self":[{"href":"https:\/\/btsurfcasting.fr\/index.php\/wp-json\/wp\/v2\/product\/2377","targetHints":{"allow":["GET"]}}],"collection":[{"href":"https:\/\/btsurfcasting.fr\/index.php\/wp-json\/wp\/v2\/product"}],"about":[{"href":"https:\/\/btsurfcasting.fr\/index.php\/wp-json\/wp\/v2\/types\/product"}],"replies":[{"embeddable":true,"href":"https:\/\/btsurfcasting.fr\/index.php\/wp-json\/wp\/v2\/comments?post=2377"}],"wp:featuredmedia":[{"embeddable":true,"href":"https:\/\/btsurfcasting.fr\/index.php\/wp-json\/wp\/v2\/media\/2859"}],"wp:attachment":[{"href":"https:\/\/btsurfcasting.fr\/index.php\/wp-json\/wp\/v2\/media?parent=2377"}],"wp:term":[{"taxonomy":"product_brand","embeddable":true,"href":"https:\/\/btsurfcasting.fr\/index.php\/wp-json\/wp\/v2\/product_brand?post=2377"},{"taxonomy":"product_cat","embeddable":true,"href":"https:\/\/btsurfcasting.fr\/index.php\/wp-json\/wp\/v2\/product_cat?post=2377"},{"taxonomy":"product_tag","embeddable":true,"href":"https:\/\/btsurfcasting.fr\/index.php\/wp-json\/wp\/v2\/product_tag?post=2377"}],"curies":[{"name":"wp","href":"https:\/\/api.w.org\/{rel}","templated":true}]}}