{"id":2703,"date":"2024-06-26T10:00:06","date_gmt":"2024-06-26T08:00:06","guid":{"rendered":"https:\/\/btsurfcasting.fr\/?post_type=product&#038;p=2703"},"modified":"2024-10-03T17:49:05","modified_gmt":"2024-10-03T15:49:05","slug":"cache-fil-bobine","status":"publish","type":"product","link":"https:\/\/btsurfcasting.fr\/index.php\/product\/cache-fil-bobine\/","title":{"rendered":"* Cache fil bobine AKAMI."},"content":{"rendered":"<p>* Ce cache Fil bobine est fait afin de prot\u00e9ger et maintenir votre fil et d&#8217;\u00e9viter que celui-ci sorte de sa bobine lorsque vous enlever le moulinet de votre canne afin de le ranger.<\/p>\n<p>* Celui-ci fait partie des petits accessoires qui vous seront tr\u00e8s utiles et qui vous permettra d&#8217;\u00e9viter les mauvaises surprises lors de vos diff\u00e9rentes p\u00eaches. Aussi Tr\u00e8s utilis\u00e9s et indispensables pour les P\u00eacheurs de Comp\u00e9titions en Surfcasting.<\/p>\n<p>* En Stock et disponible aussi en mod\u00e8le avec velcro r\u00e9glable et petites pochettes avec \u00e9tiquettes. \ud83d\udc20\ud83d\udc1f<\/p>\n","protected":false},"excerpt":{"rendered":"<p>* Ce cache Fil bobine est fait afin de prot\u00e9ger et maintenir votre fil et d&#8217;\u00e9viter que celui-ci sorte de sa bobine lorsque vous enlever le moulinet de votre canne [&hellip;]<\/p>\n","protected":false},"featured_media":2705,"comment_status":"open","ping_status":"closed","template":"","meta":[],"product_brand":[],"product_cat":[251,121],"product_tag":[],"class_list":{"0":"post-2703","1":"product","2":"type-product","3":"status-publish","4":"has-post-thumbnail","6":"product_cat-accessoires-de-peche","7":"product_cat-cache-fil-bobine","9":"first","10":"instock","11":"sale","12":"taxable","13":"shipping-taxable","14":"purchasable","15":"product-type-simple"},"jetpack_sharing_enabled":true,"_links":{"self":[{"href":"https:\/\/btsurfcasting.fr\/index.php\/wp-json\/wp\/v2\/product\/2703","targetHints":{"allow":["GET"]}}],"collection":[{"href":"https:\/\/btsurfcasting.fr\/index.php\/wp-json\/wp\/v2\/product"}],"about":[{"href":"https:\/\/btsurfcasting.fr\/index.php\/wp-json\/wp\/v2\/types\/product"}],"replies":[{"embeddable":true,"href":"https:\/\/btsurfcasting.fr\/index.php\/wp-json\/wp\/v2\/comments?post=2703"}],"wp:featuredmedia":[{"embeddable":true,"href":"https:\/\/btsurfcasting.fr\/index.php\/wp-json\/wp\/v2\/media\/2705"}],"wp:attachment":[{"href":"https:\/\/btsurfcasting.fr\/index.php\/wp-json\/wp\/v2\/media?parent=2703"}],"wp:term":[{"taxonomy":"product_brand","embeddable":true,"href":"https:\/\/btsurfcasting.fr\/index.php\/wp-json\/wp\/v2\/product_brand?post=2703"},{"taxonomy":"product_cat","embeddable":true,"href":"https:\/\/btsurfcasting.fr\/index.php\/wp-json\/wp\/v2\/product_cat?post=2703"},{"taxonomy":"product_tag","embeddable":true,"href":"https:\/\/btsurfcasting.fr\/index.php\/wp-json\/wp\/v2\/product_tag?post=2703"}],"curies":[{"name":"wp","href":"https:\/\/api.w.org\/{rel}","templated":true}]}}