{"id":2835,"date":"2024-07-09T17:19:26","date_gmt":"2024-07-09T15:19:26","guid":{"rendered":"https:\/\/btsurfcasting.fr\/index.php\/product\/nouveaux-plombs-surfcasting-competitions-fluorescents-phosphorescents-en-130-grs\/"},"modified":"2024-08-09T21:30:49","modified_gmt":"2024-08-09T19:30:49","slug":"nouveaux-plombs-surfcasting-competitions-fluorescents-phosphorescents-en-130-grs","status":"publish","type":"product","link":"https:\/\/btsurfcasting.fr\/index.php\/product\/nouveaux-plombs-surfcasting-competitions-fluorescents-phosphorescents-en-130-grs\/","title":{"rendered":"* Nouveaux Plombs Surfcasting Comp\u00e9titions Fluorescents + Phosphorescents en 130 Grs."},"content":{"rendered":"<p>* Nouveaux Plombs Surfcasting Comp\u00e9titions Fluorescents + Phosphorescents en 130 Grs.<\/p>\n<p>* Voici pour vous en Exclusivit\u00e9 ma collection concernant les Nouveaux Plombs que je Distribue. ( De Fabrication Fran\u00e7aise ainsi que de Qualit\u00e9 et Solidit\u00e9 Irr\u00e9prochable..)<br \/>\n* Ceci ont une couleur Unique. Ils sont Fluorescents de Jour ainsi que Phosphorescents la Nuit avec une intensit\u00e9 et durabilit\u00e9 incomparable..<br \/>\n* Disponibles en differents mod\u00e8les et grammages sur votre site :<br \/>\n&#8221; www.btsurfcasting11.fr &#8221;<br \/>\n* Esseyez-les, et vous ferez Toute la Diff\u00e9rence.. Et pour tous renseignements compl\u00e9mentaires, n&#8217;h\u00e9sitez pas \u00e0 me contacter par T\u00e9l. ou sur mes diff\u00e9rents r\u00e9seaux sociaux.<br \/>\n* Toujours soucieux de vous satisfaire au mieux ainsi que de pouvoir vous apporter les meilleurs produits aux meilleurs rapports Qualit\u00e9s\/Prix.<br \/>\nJe vous Souhaite \u00e0 Tous de Belles P\u00eaches ainsi que de Beaux Poissons pour cette Saison 2024 en esp\u00e9rant vous compter parmis mes Nouveaux Clients.. \ud83d\udc20<\/p>\n","protected":false},"excerpt":{"rendered":"<p>* Nouveaux Plombs Surfcasting Comp\u00e9titions Fluorescents + Phosphorescents en 130 Grs. * Voici pour vous en Exclusivit\u00e9 ma collection concernant les Nouveaux Plombs que je Distribue. ( De Fabrication Fran\u00e7aise [&hellip;]<\/p>\n","protected":false},"featured_media":2832,"comment_status":"open","ping_status":"closed","template":"","meta":[],"product_brand":[],"product_cat":[215,113],"product_tag":[],"class_list":{"0":"post-2835","1":"product","2":"type-product","3":"status-publish","4":"has-post-thumbnail","6":"product_cat-plombs","7":"product_cat-plombs-de-peche","9":"first","10":"instock","11":"sale","12":"taxable","13":"shipping-taxable","14":"purchasable","15":"product-type-simple"},"jetpack_sharing_enabled":true,"_links":{"self":[{"href":"https:\/\/btsurfcasting.fr\/index.php\/wp-json\/wp\/v2\/product\/2835","targetHints":{"allow":["GET"]}}],"collection":[{"href":"https:\/\/btsurfcasting.fr\/index.php\/wp-json\/wp\/v2\/product"}],"about":[{"href":"https:\/\/btsurfcasting.fr\/index.php\/wp-json\/wp\/v2\/types\/product"}],"replies":[{"embeddable":true,"href":"https:\/\/btsurfcasting.fr\/index.php\/wp-json\/wp\/v2\/comments?post=2835"}],"wp:featuredmedia":[{"embeddable":true,"href":"https:\/\/btsurfcasting.fr\/index.php\/wp-json\/wp\/v2\/media\/2832"}],"wp:attachment":[{"href":"https:\/\/btsurfcasting.fr\/index.php\/wp-json\/wp\/v2\/media?parent=2835"}],"wp:term":[{"taxonomy":"product_brand","embeddable":true,"href":"https:\/\/btsurfcasting.fr\/index.php\/wp-json\/wp\/v2\/product_brand?post=2835"},{"taxonomy":"product_cat","embeddable":true,"href":"https:\/\/btsurfcasting.fr\/index.php\/wp-json\/wp\/v2\/product_cat?post=2835"},{"taxonomy":"product_tag","embeddable":true,"href":"https:\/\/btsurfcasting.fr\/index.php\/wp-json\/wp\/v2\/product_tag?post=2835"}],"curies":[{"name":"wp","href":"https:\/\/api.w.org\/{rel}","templated":true}]}}