{"id":2894,"date":"2024-07-11T15:29:48","date_gmt":"2024-07-11T13:29:48","guid":{"rendered":"https:\/\/btsurfcasting.fr\/?post_type=product&#038;p=2894"},"modified":"2026-02-16T18:20:47","modified_gmt":"2026-02-16T17:20:47","slug":"bandes-adhesives-phosphorescentes","status":"publish","type":"product","link":"https:\/\/btsurfcasting.fr\/index.php\/product\/bandes-adhesives-phosphorescentes\/","title":{"rendered":"Bandes adh\u00e9sives Phosphorescentes"},"content":{"rendered":"<p>Les bandes adh\u00e9sives phosphorescentes pour p\u00eache sont con\u00e7ues pour am\u00e9liorer la visibilit\u00e9 de votre \u00e9quipement dans des conditions de faible luminosit\u00e9 ou nocturnes. Elles se fixent facilement sur divers accessoires de p\u00eache, tels que les cannes \u00e0 p\u00eache et autres \u00e9quipements.<\/p>\n<p>Ces bandes poss\u00e8dent un rev\u00eatement phosphorescent qui absorbe la lumi\u00e8re pendant la journ\u00e9e et \u00e9met une lueur douce dans l&#8217;obscurit\u00e9, facilitant la localisation de votre mat\u00e9riel m\u00eame dans l\u2019obscurit\u00e9 totale. Pour une visibilit\u00e9 encore accrue, les bandes peuvent \u00e9galement \u00eatre \u00e9clair\u00e9es avec une lampe ou une source de lumi\u00e8re avant de se placer dans l&#8217;obscurit\u00e9, intensifiant ainsi leur luminosit\u00e9 phosphorescente.<\/p>\n<p>Les bandes sont r\u00e9sistantes \u00e0 l&#8217;eau et durables, con\u00e7ues pour supporter les conditions marines difficiles sans se d\u00e9coller ni se d\u00e9t\u00e9riorer. Leur application facile et leur adh\u00e9rence forte garantissent qu&#8217;elles restent en place m\u00eame en usage intensif.<\/p>\n<p>En r\u00e9sum\u00e9, les bandes adh\u00e9sives phosphorescentes offrent une visibilit\u00e9 am\u00e9lior\u00e9e et une durabilit\u00e9 accrue pour une utilisation efficace dans des conditions de faible lumi\u00e8re, avec la possibilit\u00e9 d&#8217;\u00eatre \u00e9clair\u00e9es pour une luminosit\u00e9 maximale<\/p>\n","protected":false},"excerpt":{"rendered":"<p>Les bandes adh\u00e9sives phosphorescentes pour p\u00eache am\u00e9liorent la visibilit\u00e9 de votre \u00e9quipement en conditions de faible luminosit\u00e9. Faciles \u00e0 appliquer sur les cannes \u00e0 p\u00eache et autres accessoires, elles absorbent la lumi\u00e8re pendant la journ\u00e9e et \u00e9mettent une lueur douce dans l&#8217;obscurit\u00e9. Pour une visibilit\u00e9 accrue, elles peuvent \u00eatre pr\u00e9alablement \u00e9clair\u00e9es avec une lampe. R\u00e9sistantes \u00e0 l&#8217;eau et durables, ces bandes restent en place m\u00eame en usage intensif, offrant une luminosit\u00e9 optimale pour la p\u00eache nocturne.<\/p>\n","protected":false},"featured_media":2937,"comment_status":"open","ping_status":"closed","template":"","meta":[],"product_brand":[],"product_cat":[251,301,206,309,114],"product_tag":[],"class_list":{"0":"post-2894","1":"product","2":"type-product","3":"status-publish","4":"has-post-thumbnail","6":"product_cat-accessoires-de-peche","7":"product_cat-accessoires-lumineux","8":"product_cat-carnassiers","9":"product_cat-petit-materiel","10":"product_cat-petits-materiels","12":"first","13":"instock","14":"taxable","15":"shipping-taxable","16":"purchasable","17":"product-type-variable"},"jetpack_sharing_enabled":true,"_links":{"self":[{"href":"https:\/\/btsurfcasting.fr\/index.php\/wp-json\/wp\/v2\/product\/2894","targetHints":{"allow":["GET"]}}],"collection":[{"href":"https:\/\/btsurfcasting.fr\/index.php\/wp-json\/wp\/v2\/product"}],"about":[{"href":"https:\/\/btsurfcasting.fr\/index.php\/wp-json\/wp\/v2\/types\/product"}],"replies":[{"embeddable":true,"href":"https:\/\/btsurfcasting.fr\/index.php\/wp-json\/wp\/v2\/comments?post=2894"}],"wp:featuredmedia":[{"embeddable":true,"href":"https:\/\/btsurfcasting.fr\/index.php\/wp-json\/wp\/v2\/media\/2937"}],"wp:attachment":[{"href":"https:\/\/btsurfcasting.fr\/index.php\/wp-json\/wp\/v2\/media?parent=2894"}],"wp:term":[{"taxonomy":"product_brand","embeddable":true,"href":"https:\/\/btsurfcasting.fr\/index.php\/wp-json\/wp\/v2\/product_brand?post=2894"},{"taxonomy":"product_cat","embeddable":true,"href":"https:\/\/btsurfcasting.fr\/index.php\/wp-json\/wp\/v2\/product_cat?post=2894"},{"taxonomy":"product_tag","embeddable":true,"href":"https:\/\/btsurfcasting.fr\/index.php\/wp-json\/wp\/v2\/product_tag?post=2894"}],"curies":[{"name":"wp","href":"https:\/\/api.w.org\/{rel}","templated":true}]}}